{"id":7,"date":"2014-07-11T08:35:37","date_gmt":"2014-07-11T08:35:37","guid":{"rendered":"http:\/\/adouti.com\/wordpress\/?page_id=7"},"modified":"2017-12-13T09:02:40","modified_gmt":"2017-12-13T09:02:40","slug":"a-savoir-avant-de-partir-stage-usa","status":"publish","type":"page","link":"https:\/\/adouti.com\/wordpress\/a-savoir-avant-de-partir-stage-usa\/","title":{"rendered":"A SAVOIR AVANT DE PARTIR"},"content":{"rendered":"<p style=\"text-align: justify;\"><img decoding=\"async\" loading=\"lazy\" width=\"194\" height=\"300\" class=\"alignleft size-medium wp-image-85\" src=\"http:\/\/adouti.com\/wordpress\/wp-content\/uploads\/2014\/07\/avion-194x300.jpg\" alt=\"avion\" srcset=\"https:\/\/adouti.com\/wordpress\/wp-content\/uploads\/2014\/07\/avion-194x300.jpg 194w, https:\/\/adouti.com\/wordpress\/wp-content\/uploads\/2014\/07\/avion-50x76.jpg 50w, https:\/\/adouti.com\/wordpress\/wp-content\/uploads\/2014\/07\/avion.jpg 336w\" sizes=\"(max-width: 194px) 100vw, 194px\" \/><\/p>\n<p style=\"text-align: justify;\"><span class=\"su-dropcap su-dropcap-style-flat color:#dd3333\" style=\"font-size:3em\">P<\/span>our effectuer un stage aux Etats-Unis, qu&rsquo;il soit r\u00e9mun\u00e9r\u00e9 ou non, conventionn\u00e9 ou non, et quelle que soit sa dur\u00e9e, les autorit\u00e9s am\u00e9ricaines exigent que le candidat soit en possession d&rsquo;un visa J-1, cat\u00e9gorie \u00ab\u00a0Trainee\u00a0\u00bbou \u00ab\u00a0Intern\u00a0\u00bb. Pour l&rsquo;obtention de ce visa il faut participer \u00e0 un \u00ab\u00a0programme d&rsquo;\u00e9change\u00a0\u00bbavec les USA, propos\u00e9 par un organisme sponsor.<\/p>\n<p style=\"text-align: justify;\">Afin de permettre l&rsquo;acc\u00e8s \u00e0 ces programmes d&rsquo;\u00e9changes, Adout International travaille en collaboration avec <span style=\"color: #dd3333;\"><strong>CIEE (Council on International Educational Exchange) et Parenth\u00e8se sa (pour la France)<\/strong><\/span>, d\u00e9sign\u00e9s sponsor officiel par le gouvernement am\u00e9ricain. Ensemble, Parenth\u00e8se et Adout International permettent d&rsquo;effectuer une mission en entreprise aux USA en toute l\u00e9galit\u00e9. Parenth\u00e8se et CIEE s&rsquo;occupent de d\u00e9livrer aux \u00e9tudiants le certificat d&rsquo;\u00e9ligibilit\u00e9 DS-2019 et le re\u00e7u des frais de SEVIS, documents indispensables pour faire une demande du visa J-1 aupr\u00e8s du consulat am\u00e9ricain \u00e0 Paris.<\/p>\n<p style=\"text-align: justify;\">Adout International s\u2019occupe de trouver le stage en \u00e9quation avec le cursus scolaire du candidat Les d\u00e9lais d&rsquo;obtention du DS 2019 peuvent aller de 3 \u00e0 5 semaines. A ces d\u00e9lais, il faut ajouter ceux du consulat pour l&rsquo;obtention du visa J-1. (Internship USA implique des d\u00e9marches administratives n\u00e9cessitant parfois une v\u00e9rification finale du D\u00e9partement d&rsquo;Etat am\u00e9ricain). Adout International recommande de pr\u00e9senter les dossiers le plus t\u00f4t possible.<\/p>\n<p>&nbsp;<\/p>\n<h2 style=\"text-align: justify;\">Proc\u00e9dure pour effectuer un stage aux USA :<\/h2>\n<p style=\"text-align: justify;\"><div class=\"su-list\" style=\"margin-left:0px\">\n<ul>\n<li><i class=\"sui sui-arrow-right\" style=\"color:#dd3333\"><\/i> Contacter notre \u00e9quipe pour une \u00e9tude de votre projet\n<li><i class=\"sui sui-arrow-right\" style=\"color:#dd3333\"><\/i> \n<li><i class=\"sui sui-arrow-right\" style=\"color:#dd3333\"><\/i> Validation du projet\n<li><i class=\"sui sui-arrow-right\" style=\"color:#dd3333\"><\/i> \n<li><i class=\"sui sui-arrow-right\" style=\"color:#dd3333\"><\/i> Choisir une formule<\/li>\n<li><i class=\"sui sui-arrow-right\" style=\"color:#dd3333\"><\/i> Inscription au moins 2 mois avant la date de d\u00e9part en stage. Les recherches d\u00e9butent une fois le dossier compl\u00e9t\u00e9 et renvoy\u00e9.<\/li>\n<li><i class=\"sui sui-arrow-right\" style=\"color:#dd3333\"><\/i> Correction de votre \u00ab\u00a0resume\u00a0\u00bb avec un collaborateur\n<li><i class=\"sui sui-arrow-right\" style=\"color:#dd3333\"><\/i> \n<li><i class=\"sui sui-arrow-right\" style=\"color:#dd3333\"><\/i> D\u00e9but des recherches le processus de placement peut prendre plusieurs semaines voir plusieurs mois. Il faut laisser un temps de r\u00e9flexion aux employeurs afin qu\u2019ils puissent \u00e9tudier s\u00e9rieusement votre candidature.<\/li>\n<li><i class=\"sui sui-arrow-right\" style=\"color:#dd3333\"><\/i> Entretien avec l\u2019employeur Am\u00e9ricain Cet entretien est organis\u00e9 \u00e0 la demande de l\u2019employeur. Nous vous contacterons afin de vous communiquer les coordonn\u00e9es de l\u2019entreprise et de la personne charg\u00e9e du recrutement. Cet \u00e9change permet \u00e0 l\u2019employeur de vous pr\u00e9senter la mission du stage, et de faire connaissance avec vous. Suite \u00e0 l\u2019entretien l\u2019employeur donne sa r\u00e9ponse dans les 48 heures.<\/li>\n<li><i class=\"sui sui-arrow-right\" style=\"color:#dd3333\"><\/i> Validation du stage ADOUT INTERNATIONAL vous remet ensuite le DS 7002 document n\u00e9cessaire \u00e0 l\u2019obtention du visa J 1 ; Ce formulaire d\u00e9taille les dates de stage ainsi que la mission propos\u00e9e.<\/li>\n<li><i class=\"sui sui-arrow-right\" style=\"color:#dd3333\"><\/i> Inscription pour DS-2019 (avec le groupe CIEE, parenth\u00e8se)<\/li>\n<li><i class=\"sui sui-arrow-right\" style=\"color:#dd3333\"><\/i> Inscription SEVIS<\/li>\n<li><i class=\"sui sui-arrow-right\" style=\"color:#dd3333\"><\/i> Rendez-vous Ambassade<\/li>\n<li><i class=\"sui sui-arrow-right\" style=\"color:#dd3333\"><\/i> Obtention du visa J-1<\/li>\n<li><i class=\"sui sui-arrow-right\" style=\"color:#dd3333\"><\/i> Achat Billet Avion<\/li>\n<li><i class=\"sui sui-arrow-right\" style=\"color:#dd3333\"><\/i> D\u00e9part USA<\/li>\n<\/ul>\n<p style=\"text-align: justify;\"><\/div>\n","protected":false},"excerpt":{"rendered":"<p>our effectuer un stage aux Etats-Unis, qu&rsquo;il soit r\u00e9mun\u00e9r\u00e9 ou non, conventionn\u00e9 ou non, et quelle que soit sa dur\u00e9e, les autorit\u00e9s am\u00e9ricaines exigent que le candidat soit en possession d&rsquo;un visa J-1, cat\u00e9gorie \u00ab\u00a0Trainee\u00a0\u00bbou \u00ab\u00a0Intern\u00a0\u00bb. Pour l&rsquo;obtention de ce visa il faut participer \u00e0 un \u00ab\u00a0programme d&rsquo;\u00e9change\u00a0\u00bbavec les USA, propos\u00e9 par un organisme sponsor. Afin de permettre l&rsquo;acc\u00e8s \u00e0 ces programmes d&rsquo;\u00e9changes, Adout International travaille en collaboration avec CIEE (Council on International Educational Exchange) et Parenth\u00e8se sa (pour la [&hellip;]<\/p>\n","protected":false},"author":3,"featured_media":0,"parent":0,"menu_order":0,"comment_status":"open","ping_status":"closed","template":"","meta":[],"_links":{"self":[{"href":"https:\/\/adouti.com\/wordpress\/wp-json\/wp\/v2\/pages\/7"}],"collection":[{"href":"https:\/\/adouti.com\/wordpress\/wp-json\/wp\/v2\/pages"}],"about":[{"href":"https:\/\/adouti.com\/wordpress\/wp-json\/wp\/v2\/types\/page"}],"author":[{"embeddable":true,"href":"https:\/\/adouti.com\/wordpress\/wp-json\/wp\/v2\/users\/3"}],"replies":[{"embeddable":true,"href":"https:\/\/adouti.com\/wordpress\/wp-json\/wp\/v2\/comments?post=7"}],"version-history":[{"count":16,"href":"https:\/\/adouti.com\/wordpress\/wp-json\/wp\/v2\/pages\/7\/revisions"}],"predecessor-version":[{"id":1449,"href":"https:\/\/adouti.com\/wordpress\/wp-json\/wp\/v2\/pages\/7\/revisions\/1449"}],"wp:attachment":[{"href":"https:\/\/adouti.com\/wordpress\/wp-json\/wp\/v2\/media?parent=7"}],"curies":[{"name":"wp","href":"https:\/\/api.w.org\/{rel}","templated":true}]}}