{"id":10,"date":"2014-07-11T08:36:27","date_gmt":"2014-07-11T08:36:27","guid":{"rendered":"http:\/\/adouti.com\/wordpress\/?page_id=10"},"modified":"2014-07-22T15:58:14","modified_gmt":"2014-07-22T15:58:14","slug":"secteurs-dactivite-stage-usa","status":"publish","type":"page","link":"https:\/\/adouti.com\/wordpress\/secteurs-dactivite-stage-usa\/","title":{"rendered":"SECTEURS D&rsquo;ACTIVITE"},"content":{"rendered":"<p><strong>En relation directe avec les entreprises, <span style=\"color: #dd3333;\">Adout International<\/span> propose des stages dans tous les \u00e9tats et secteurs d\u2019activit\u00e9s<\/strong><\/p>\n<div class=\"su-row\">\n<div class=\"su-column su-column-size-1-3\"><div class=\"su-column-inner su-u-clearfix su-u-trim\">\n<div class=\"su-list\" style=\"margin-left:0px\">\n<ul>\n<ul>\n<li><i class=\"sui sui-share\" style=\"color:#dd3333\"><\/i> Finance<\/li>\n<li><i class=\"sui sui-share\" style=\"color:#dd3333\"><\/i> Comptabilit\u00e9 \/Gestion \/Finance<\/li>\n<li><i class=\"sui sui-share\" style=\"color:#dd3333\"><\/i> Publicit\u00e9<\/li>\n<li><i class=\"sui sui-share\" style=\"color:#dd3333\"><\/i> Communication \/ Ev\u00e8nementiel<\/li>\n<li><i class=\"sui sui-share\" style=\"color:#dd3333\"><\/i> Droit<\/li>\n<li><i class=\"sui sui-share\" style=\"color:#dd3333\"><\/i> Tourisme \/ h\u00f4tellerie \/ restauration<\/li>\n<li><i class=\"sui sui-share\" style=\"color:#dd3333\"><\/i> Informatique \/ logiciel \/ Multim\u00e9dia<\/li>\n<li><i class=\"sui sui-share\" style=\"color:#dd3333\"><\/i> Web marketing<\/li>\n<li><i class=\"sui sui-share\" style=\"color:#dd3333\"><\/i> Multim\u00e9dia<\/li>\n<li><i class=\"sui sui-share\" style=\"color:#dd3333\"><\/i> Architecture<\/li>\n<li><i class=\"sui sui-share\" style=\"color:#dd3333\"><\/i> Media<\/li>\n<li><i class=\"sui sui-share\" style=\"color:#dd3333\"><\/i> Design<\/li>\n<li><i class=\"sui sui-share\" style=\"color:#dd3333\"><\/i> Marketing<\/li>\n<li><i class=\"sui sui-share\" style=\"color:#dd3333\"><\/i> Import-export<\/li>\n<li><i class=\"sui sui-share\" style=\"color:#dd3333\"><\/i> Logistique \/ Transport<\/li>\n<li><i class=\"sui sui-share\" style=\"color:#dd3333\"><\/i> Vente<\/li>\n<li><i class=\"sui sui-share\" style=\"color:#dd3333\"><\/i> Assurance<\/li>\n<\/ul>\n<\/ul>\n<\/div>\n<\/div><\/div>\n<div class=\"su-column su-column-size-1-3\"><div class=\"su-column-inner su-u-clearfix su-u-trim\">\n<div class=\"su-list\" style=\"margin-left:0px\">\n<ul>\n<ul>\n<li><i class=\"sui sui-share\" style=\"color:#dd3333\"><\/i> A\u00e9ronautique<\/li>\n<li><i class=\"sui sui-share\" style=\"color:#dd3333\"><\/i> Electronique \/ Electrotechnique<\/li>\n<li><i class=\"sui sui-share\" style=\"color:#dd3333\"><\/i> IT<\/li>\n<li><i class=\"sui sui-share\" style=\"color:#dd3333\"><\/i> T\u00e9l\u00e9communication \/ R\u00e9seaux<\/li>\n<li><i class=\"sui sui-share\" style=\"color:#dd3333\"><\/i> M\u00e9canique<\/li>\n<li><i class=\"sui sui-share\" style=\"color:#dd3333\"><\/i> Agroalimentaire<\/li>\n<li><i class=\"sui sui-share\" style=\"color:#dd3333\"><\/i> Assurance<\/li>\n<li><i class=\"sui sui-share\" style=\"color:#dd3333\"><\/i> Audit \/ conseil expertise<\/li>\n<li><i class=\"sui sui-share\" style=\"color:#dd3333\"><\/i> Automobile<\/li>\n<li><i class=\"sui sui-share\" style=\"color:#dd3333\"><\/i> BTP<\/li>\n<li><i class=\"sui sui-share\" style=\"color:#dd3333\"><\/i> Distribution \/ Commerce \/E-commerce<\/li>\n<li><i class=\"sui sui-share\" style=\"color:#dd3333\"><\/i> Energie \/environnement \/ chimie \/ biologie<\/li>\n<li><i class=\"sui sui-share\" style=\"color:#dd3333\"><\/i> Immobilier<\/li>\n<li><i class=\"sui sui-share\" style=\"color:#dd3333\"><\/i> Industrie technologique<\/li>\n<li><i class=\"sui sui-share\" style=\"color:#dd3333\"><\/i> Mode \/ luxe<\/li>\n<li><i class=\"sui sui-share\" style=\"color:#dd3333\"><\/i> Industrie pharmaceutique<\/li>\n<li><i class=\"sui sui-share\" style=\"color:#dd3333\"><\/i> Ing\u00e9nierie sp\u00e9cialis\u00e9e<\/li>\n<\/ul>\n<\/ul>\n<\/div>\n<\/div><\/div>\n<div class=\"su-column su-column-size-1-3\"><div class=\"su-column-inner su-u-clearfix su-u-trim\">\n<img decoding=\"async\" loading=\"lazy\" class=\"alignnone wp-image-157 size-full\" src=\"http:\/\/adouti.com\/wordpress\/wp-content\/uploads\/2014\/07\/secteurs.png\" alt=\"secteurs - stage aux usa\" width=\"141\" height=\"435\" srcset=\"https:\/\/adouti.com\/wordpress\/wp-content\/uploads\/2014\/07\/secteurs.png 141w, https:\/\/adouti.com\/wordpress\/wp-content\/uploads\/2014\/07\/secteurs-97x300.png 97w, https:\/\/adouti.com\/wordpress\/wp-content\/uploads\/2014\/07\/secteurs-50x154.png 50w\" sizes=\"(max-width: 141px) 100vw, 141px\" \/><br \/>\n<\/div><\/div><\/div>\n<h2>Vous pouvez effectuer votre stage dans presque tous les secteurs d&rsquo;activit\u00e9.<\/h2>\n<p><span style=\"color: #ff0000;\"><strong>Le programme INTERNSHIP USA ne vous autorise pas \u00e0 travailler dans les domaines suivants :<\/strong><\/span><\/p>\n<div class=\"su-list\" style=\"margin-left:0px\">\n<ul>\n<li><i class=\"sui sui-share\" style=\"color:#dd3333\"><\/i> les activit\u00e9s impliquant un contact avec des personnes mineures (au pair, baby-sitting, nanny, moniteur de colonie de vacances, etc.)<\/li>\n<li><i class=\"sui sui-share\" style=\"color:#dd3333\"><\/i> les activit\u00e9s impliquant une dispense de soins ou m\u00e9dicaments aux patients ou aux animaux (m\u00e9decins, internes, pharmaciens, opticiens, v\u00e9t\u00e9rinaires, etc.\u2026)<\/li>\n<li><i class=\"sui sui-share\" style=\"color:#dd3333\"><\/i> les stages en enseignement (professeurs, instituteurs, assistants, etc.)<\/li>\n<li><i class=\"sui sui-share\" style=\"color:#dd3333\"><\/i> les stages de personnel navigant technique ou commercial \u00e0 bord d&rsquo;un avion<\/li>\n<li><i class=\"sui sui-share\" style=\"color:#dd3333\"><\/i> les stages sur les bateaux navigants en eaux internationales<\/li>\n<\/ul>\n<\/div>\n","protected":false},"excerpt":{"rendered":"<p>En relation directe avec les entreprises, Adout International propose des stages dans tous les \u00e9tats et secteurs d\u2019activit\u00e9s Vous pouvez effectuer votre stage dans presque tous les secteurs d&rsquo;activit\u00e9. Le programme INTERNSHIP USA ne vous autorise pas \u00e0 travailler dans les domaines suivants :<\/p>\n","protected":false},"author":3,"featured_media":0,"parent":0,"menu_order":0,"comment_status":"open","ping_status":"closed","template":"","meta":[],"_links":{"self":[{"href":"https:\/\/adouti.com\/wordpress\/wp-json\/wp\/v2\/pages\/10"}],"collection":[{"href":"https:\/\/adouti.com\/wordpress\/wp-json\/wp\/v2\/pages"}],"about":[{"href":"https:\/\/adouti.com\/wordpress\/wp-json\/wp\/v2\/types\/page"}],"author":[{"embeddable":true,"href":"https:\/\/adouti.com\/wordpress\/wp-json\/wp\/v2\/users\/3"}],"replies":[{"embeddable":true,"href":"https:\/\/adouti.com\/wordpress\/wp-json\/wp\/v2\/comments?post=10"}],"version-history":[{"count":15,"href":"https:\/\/adouti.com\/wordpress\/wp-json\/wp\/v2\/pages\/10\/revisions"}],"predecessor-version":[{"id":301,"href":"https:\/\/adouti.com\/wordpress\/wp-json\/wp\/v2\/pages\/10\/revisions\/301"}],"wp:attachment":[{"href":"https:\/\/adouti.com\/wordpress\/wp-json\/wp\/v2\/media?parent=10"}],"curies":[{"name":"wp","href":"https:\/\/api.w.org\/{rel}","templated":true}]}}